{"id":429,"date":"2014-03-26T23:07:11","date_gmt":"2014-03-26T22:07:11","guid":{"rendered":"http:\/\/regs-burg-stargard.de\/wordpress\/?page_id=429"},"modified":"2024-02-29T10:58:11","modified_gmt":"2024-02-29T09:58:11","slug":"unsere-schule","status":"publish","type":"page","link":"https:\/\/regs-burg-stargard.de\/wordpress\/","title":{"rendered":"Unsere Schule"},"content":{"rendered":"\n<p>Die Regionale Schule in <a href=\"http:\/\/www.burg-stargard.de\" target=\"_blank\" rel=\"noopener noreferrer\"> \u2192 Burg Stargard<\/a> ist eine Ganztagsschule. Das moderne Schulhaus befindet sich in ruhiger Lage am M\u00fchlenteich. Das gro\u00dfz\u00fcgige und weitl\u00e4ufige \u00a0Geb\u00e4ude bietet \u00fcber 325 Sch\u00fclern und 22 Lehrern Raum zum Lernen und Lehren sowie zur Gestaltung eines abwechslungsreichen Schullebens. Moderne Fachr\u00e4ume, zwei Computerkabinette, eine Sporthalle, ein Hauswirtschaftsraum, eine Bibliothek sowie helle und freundliche Klassenr\u00e4ume \u00a0werden von Lehrern und Sch\u00fclern gern genutzt.<\/p>\n\n\n\n<figure class=\"wp-block-image size-full\"><a href=\"https:\/\/regs-burg-stargard.de\/wordpress\/wp-content\/uploads\/2022\/11\/Regionale-Schule.jpg\"><img loading=\"lazy\" decoding=\"async\" width=\"1000\" height=\"400\" src=\"https:\/\/regs-burg-stargard.de\/wordpress\/wp-content\/uploads\/2022\/11\/Regionale-Schule.jpg\" alt=\"\" class=\"wp-image-3877 colorbox-429\" srcset=\"https:\/\/regs-burg-stargard.de\/wordpress\/wp-content\/uploads\/2022\/11\/Regionale-Schule.jpg 1000w, https:\/\/regs-burg-stargard.de\/wordpress\/wp-content\/uploads\/2022\/11\/Regionale-Schule-300x120.jpg 300w, https:\/\/regs-burg-stargard.de\/wordpress\/wp-content\/uploads\/2022\/11\/Regionale-Schule-768x307.jpg 768w\" sizes=\"auto, (max-width: 1000px) 100vw, 1000px\" \/><\/a><\/figure>\n","protected":false},"excerpt":{"rendered":"<p>Die Regionale Schule in \u2192 Burg Stargard ist eine Ganztagsschule. Das moderne Schulhaus befindet sich in ruhiger Lage am M\u00fchlenteich. Das gro\u00dfz\u00fcgige und weitl\u00e4ufige \u00a0Geb\u00e4ude bietet \u00fcber 325 Sch\u00fclern und 22 Lehrern Raum zum Lernen und Lehren sowie zur Gestaltung eines abwechslungsreichen Schullebens. Moderne Fachr\u00e4ume, zwei Computerkabinette, eine Sporthalle, ein Hauswirtschaftsraum, eine Bibliothek sowie helle [&hellip;]<\/p>\n","protected":false},"author":2,"featured_media":0,"parent":0,"menu_order":0,"comment_status":"closed","ping_status":"closed","template":"","meta":{"site-sidebar-layout":"default","site-content-layout":"","ast-site-content-layout":"default","site-content-style":"default","site-sidebar-style":"default","ast-global-header-display":"","ast-banner-title-visibility":"","ast-main-header-display":"","ast-hfb-above-header-display":"","ast-hfb-below-header-display":"","ast-hfb-mobile-header-display":"","site-post-title":"","ast-breadcrumbs-content":"","ast-featured-img":"","footer-sml-layout":"","theme-transparent-header-meta":"","adv-header-id-meta":"","stick-header-meta":"","header-above-stick-meta":"","header-main-stick-meta":"","header-below-stick-meta":"","astra-migrate-meta-layouts":"default","ast-page-background-enabled":"default","ast-page-background-meta":{"desktop":{"background-color":"","background-image":"","background-repeat":"repeat","background-position":"center center","background-size":"auto","background-attachment":"scroll","background-type":"","background-media":"","overlay-type":"","overlay-color":"","overlay-opacity":"","overlay-gradient":""},"tablet":{"background-color":"","background-image":"","background-repeat":"repeat","background-position":"center center","background-size":"auto","background-attachment":"scroll","background-type":"","background-media":"","overlay-type":"","overlay-color":"","overlay-opacity":"","overlay-gradient":""},"mobile":{"background-color":"","background-image":"","background-repeat":"repeat","background-position":"center center","background-size":"auto","background-attachment":"scroll","background-type":"","background-media":"","overlay-type":"","overlay-color":"","overlay-opacity":"","overlay-gradient":""}},"ast-content-background-meta":{"desktop":{"background-color":"var(--ast-global-color-5)","background-image":"","background-repeat":"repeat","background-position":"center center","background-size":"auto","background-attachment":"scroll","background-type":"","background-media":"","overlay-type":"","overlay-color":"","overlay-opacity":"","overlay-gradient":""},"tablet":{"background-color":"var(--ast-global-color-5)","background-image":"","background-repeat":"repeat","background-position":"center center","background-size":"auto","background-attachment":"scroll","background-type":"","background-media":"","overlay-type":"","overlay-color":"","overlay-opacity":"","overlay-gradient":""},"mobile":{"background-color":"var(--ast-global-color-5)","background-image":"","background-repeat":"repeat","background-position":"center center","background-size":"auto","background-attachment":"scroll","background-type":"","background-media":"","overlay-type":"","overlay-color":"","overlay-opacity":"","overlay-gradient":""}},"ngg_post_thumbnail":0,"footnotes":""},"class_list":["post-429","page","type-page","status-publish","hentry"],"_links":{"self":[{"href":"https:\/\/regs-burg-stargard.de\/wordpress\/wp-json\/wp\/v2\/pages\/429","targetHints":{"allow":["GET"]}}],"collection":[{"href":"https:\/\/regs-burg-stargard.de\/wordpress\/wp-json\/wp\/v2\/pages"}],"about":[{"href":"https:\/\/regs-burg-stargard.de\/wordpress\/wp-json\/wp\/v2\/types\/page"}],"author":[{"embeddable":true,"href":"https:\/\/regs-burg-stargard.de\/wordpress\/wp-json\/wp\/v2\/users\/2"}],"replies":[{"embeddable":true,"href":"https:\/\/regs-burg-stargard.de\/wordpress\/wp-json\/wp\/v2\/comments?post=429"}],"version-history":[{"count":35,"href":"https:\/\/regs-burg-stargard.de\/wordpress\/wp-json\/wp\/v2\/pages\/429\/revisions"}],"predecessor-version":[{"id":4481,"href":"https:\/\/regs-burg-stargard.de\/wordpress\/wp-json\/wp\/v2\/pages\/429\/revisions\/4481"}],"wp:attachment":[{"href":"https:\/\/regs-burg-stargard.de\/wordpress\/wp-json\/wp\/v2\/media?parent=429"}],"curies":[{"name":"wp","href":"https:\/\/api.w.org\/{rel}","templated":true}]}}

<p>Die Regionale Schule in <a href="http://www.burg-stargard.de" target="_blank" rel="noopener noreferrer"> → Burg Stargard</a> ist eine Ganztagsschule. Das moderne Schulhaus befindet sich in ruhiger Lage am Mühlenteich. Das großzügige und weitläufige  Gebäude bietet über 325 Schülern und 22 Lehrern Raum zum Lernen und Lehren sowie zur Gestaltung eines abwechslungsreichen Schullebens. Moderne Fachräume, zwei Computerkabinette, eine Sporthalle, ein Hauswirtschaftsraum, eine Bibliothek sowie helle und freundliche Klassenräume  werden von Lehrern und Schülern gern genutzt.</p>



<figure class="wp-block-image size-full"><a href="https://regs-burg-stargard.de/wordpress/wp-content/uploads/2022/11/Regionale-Schule.jpg"><img loading="lazy" decoding="async" width="1000" height="400" src="https://regs-burg-stargard.de/wordpress/wp-content/uploads/2022/11/Regionale-Schule.jpg" alt="" class="wp-image-3877 colorbox-429" srcset="https://regs-burg-stargard.de/wordpress/wp-content/uploads/2022/11/Regionale-Schule.jpg 1000w, https://regs-burg-stargard.de/wordpress/wp-content/uploads/2022/11/Regionale-Schule-300x120.jpg 300w, https://regs-burg-stargard.de/wordpress/wp-content/uploads/2022/11/Regionale-Schule-768x307.jpg 768w" sizes="auto, (max-width: 1000px) 100vw, 1000px" /></a></figure>

<p>Die Regionale Schule in → Burg Stargard ist eine Ganztagsschule. Das moderne Schulhaus befindet sich in ruhiger Lage am Mühlenteich. Das großzügige und weitläufige  Gebäude bietet über 325 Schülern und 22 Lehrern Raum zum Lernen und Lehren sowie zur Gestaltung eines abwechslungsreichen Schullebens. Moderne Fachräume, zwei Computerkabinette, eine Sporthalle, ein Hauswirtschaftsraum, eine Bibliothek sowie helle [&hellip;]</p>
