{"id":462,"date":"2014-03-26T23:26:21","date_gmt":"2014-03-26T22:26:21","guid":{"rendered":"http:\/\/regs-burg-stargard.de\/wordpress\/?page_id=462"},"modified":"2026-01-06T15:05:14","modified_gmt":"2026-01-06T14:05:14","slug":"schuelerrat","status":"publish","type":"page","link":"https:\/\/regs-burg-stargard.de\/wordpress\/gremien\/schuelerrat\/","title":{"rendered":"Sch\u00fclerrat"},"content":{"rendered":"\n<p>Die Sch\u00fclervertretung besteht aus den gew\u00e4hlten Klassensprechern<br>der Klassen 5 \u2013 10.<\/p>\n\n\n\n<p>5a\u00a0 Anika-Sophie Schwenk &amp; Mieke D. Terra<br>5b\u00a0 Fiete Rossow &amp; Leon Lange<br>5c\u00a0 Annabell Unmack &amp; Pia M. Holz<br>6a\u00a0 Hermine Mozarski &amp; Ayden Rock Mayer<br>6b\u00a0 Mads Markewitz &amp; Tim Walter<br>6c\u00a0 Amelie Conrad &amp; Celina Hermsen<br>7a\u00a0 Luna Brieg &amp; Lucy Techentin<br>7b\u00a0 Oskar Schmoock &amp; Arne Petzki<br>8a\u00a0\u00a0 Jarik Schmidt &amp; Lorelai Kaiser<br>8b\u00a0\u00a0 Lysann Steffen &amp; Theo Michen<br>9a\u00a0\u00a0 Emma Wille &amp; Leandro Scavone<br>9b \u00a0 Eddy Polzin &amp; Jaden M\u00f6hlenhoff<br>10a Finlay Alwast &amp; Colin Zychowitz<br>10b Leon Teplik &amp; Anna Hofmann<\/p>\n\n\n\n<p><strong>Aufgaben der Sch\u00fclervertretung (Schulgesetz M-V)<\/strong><\/p>\n\n\n\n<ol class=\"wp-block-list\">\n<li>Wahrnehmung der Interessen der Sch\u00fcler bei der Gestaltung der Bildungs- und Erziehungsarbeit in der Schule, gegen\u00fcber den Schulbeh\u00f6rden und der \u00d6ffentlichkeit<\/li>\n\n\n\n<li>&nbsp;die F\u00f6rderung der fachlichen und gemeinschaftsbezogenen Interessen der Sch\u00fcler<\/li>\n\n\n\n<li>&nbsp;die Durchf\u00fchrung gemeinsamer Veranstaltungen<\/li>\n\n\n\n<li>&nbsp;die Mithilfe bei der L\u00f6sung von Konfliktf\u00e4llen<\/li>\n<\/ol>\n\n\n\n<p>Die Sch\u00fclervertretung wird in der Regel alle 2 Jahre gew\u00e4hlt. Sie trifft sich in regelm\u00e4\u00dfigen Abst\u00e4nden mit der Schulleitung, Elternvertretern und der Schulsozialarbeiterin, um anstehende Aufgaben und Probleme bei der Gestaltung des Schullebens zu l\u00f6sen.<\/p>\n","protected":false},"excerpt":{"rendered":"<p>Die Sch\u00fclervertretung besteht aus den gew\u00e4hlten Klassensprechernder Klassen 5 \u2013 10. 5a\u00a0 Anika-Sophie Schwenk &amp; Mieke D. Terra5b\u00a0 Fiete Rossow &amp; Leon Lange5c\u00a0 Annabell Unmack &amp; Pia M. Holz6a\u00a0 Hermine Mozarski &amp; Ayden Rock Mayer6b\u00a0 Mads Markewitz &amp; Tim Walter6c\u00a0 Amelie Conrad &amp; Celina Hermsen7a\u00a0 Luna Brieg &amp; Lucy Techentin7b\u00a0 Oskar Schmoock &amp; Arne Petzki8a\u00a0\u00a0 [&hellip;]<\/p>\n","protected":false},"author":2,"featured_media":0,"parent":21,"menu_order":0,"comment_status":"closed","ping_status":"closed","template":"","meta":{"site-sidebar-layout":"default","site-content-layout":"","ast-site-content-layout":"default","site-content-style":"default","site-sidebar-style":"default","ast-global-header-display":"","ast-banner-title-visibility":"","ast-main-header-display":"","ast-hfb-above-header-display":"","ast-hfb-below-header-display":"","ast-hfb-mobile-header-display":"","site-post-title":"","ast-breadcrumbs-content":"","ast-featured-img":"","footer-sml-layout":"","theme-transparent-header-meta":"","adv-header-id-meta":"","stick-header-meta":"","header-above-stick-meta":"","header-main-stick-meta":"","header-below-stick-meta":"","astra-migrate-meta-layouts":"set","ast-page-background-enabled":"default","ast-page-background-meta":{"desktop":{"background-color":"","background-image":"","background-repeat":"repeat","background-position":"center center","background-size":"auto","background-attachment":"scroll","background-type":"","background-media":"","overlay-type":"","overlay-color":"","overlay-opacity":"","overlay-gradient":""},"tablet":{"background-color":"","background-image":"","background-repeat":"repeat","background-position":"center center","background-size":"auto","background-attachment":"scroll","background-type":"","background-media":"","overlay-type":"","overlay-color":"","overlay-opacity":"","overlay-gradient":""},"mobile":{"background-color":"","background-image":"","background-repeat":"repeat","background-position":"center center","background-size":"auto","background-attachment":"scroll","background-type":"","background-media":"","overlay-type":"","overlay-color":"","overlay-opacity":"","overlay-gradient":""}},"ast-content-background-meta":{"desktop":{"background-color":"var(--ast-global-color-5)","background-image":"","background-repeat":"repeat","background-position":"center center","background-size":"auto","background-attachment":"scroll","background-type":"","background-media":"","overlay-type":"","overlay-color":"","overlay-opacity":"","overlay-gradient":""},"tablet":{"background-color":"var(--ast-global-color-5)","background-image":"","background-repeat":"repeat","background-position":"center center","background-size":"auto","background-attachment":"scroll","background-type":"","background-media":"","overlay-type":"","overlay-color":"","overlay-opacity":"","overlay-gradient":""},"mobile":{"background-color":"var(--ast-global-color-5)","background-image":"","background-repeat":"repeat","background-position":"center center","background-size":"auto","background-attachment":"scroll","background-type":"","background-media":"","overlay-type":"","overlay-color":"","overlay-opacity":"","overlay-gradient":""}},"ngg_post_thumbnail":0,"footnotes":""},"class_list":["post-462","page","type-page","status-publish","hentry"],"_links":{"self":[{"href":"https:\/\/regs-burg-stargard.de\/wordpress\/wp-json\/wp\/v2\/pages\/462","targetHints":{"allow":["GET"]}}],"collection":[{"href":"https:\/\/regs-burg-stargard.de\/wordpress\/wp-json\/wp\/v2\/pages"}],"about":[{"href":"https:\/\/regs-burg-stargard.de\/wordpress\/wp-json\/wp\/v2\/types\/page"}],"author":[{"embeddable":true,"href":"https:\/\/regs-burg-stargard.de\/wordpress\/wp-json\/wp\/v2\/users\/2"}],"replies":[{"embeddable":true,"href":"https:\/\/regs-burg-stargard.de\/wordpress\/wp-json\/wp\/v2\/comments?post=462"}],"version-history":[{"count":24,"href":"https:\/\/regs-burg-stargard.de\/wordpress\/wp-json\/wp\/v2\/pages\/462\/revisions"}],"predecessor-version":[{"id":4895,"href":"https:\/\/regs-burg-stargard.de\/wordpress\/wp-json\/wp\/v2\/pages\/462\/revisions\/4895"}],"up":[{"embeddable":true,"href":"https:\/\/regs-burg-stargard.de\/wordpress\/wp-json\/wp\/v2\/pages\/21"}],"wp:attachment":[{"href":"https:\/\/regs-burg-stargard.de\/wordpress\/wp-json\/wp\/v2\/media?parent=462"}],"curies":[{"name":"wp","href":"https:\/\/api.w.org\/{rel}","templated":true}]}}

Schülerrat

<p>Die Schülervertretung besteht aus den gewählten Klassensprechern<br>der Klassen 5 – 10.</p>



<p>5a  Anika-Sophie Schwenk &amp; Mieke D. Terra<br>5b  Fiete Rossow &amp; Leon Lange<br>5c  Annabell Unmack &amp; Pia M. Holz<br>6a  Hermine Mozarski &amp; Ayden Rock Mayer<br>6b  Mads Markewitz &amp; Tim Walter<br>6c  Amelie Conrad &amp; Celina Hermsen<br>7a  Luna Brieg &amp; Lucy Techentin<br>7b  Oskar Schmoock &amp; Arne Petzki<br>8a   Jarik Schmidt &amp; Lorelai Kaiser<br>8b   Lysann Steffen &amp; Theo Michen<br>9a   Emma Wille &amp; Leandro Scavone<br>9b   Eddy Polzin &amp; Jaden Möhlenhoff<br>10a Finlay Alwast &amp; Colin Zychowitz<br>10b Leon Teplik &amp; Anna Hofmann</p>



<p><strong>Aufgaben der Schülervertretung (Schulgesetz M-V)</strong></p>



<ol class="wp-block-list">
<li>Wahrnehmung der Interessen der Schüler bei der Gestaltung der Bildungs- und Erziehungsarbeit in der Schule, gegenüber den Schulbehörden und der Öffentlichkeit</li>



<li>&nbsp;die Förderung der fachlichen und gemeinschaftsbezogenen Interessen der Schüler</li>



<li>&nbsp;die Durchführung gemeinsamer Veranstaltungen</li>



<li>&nbsp;die Mithilfe bei der Lösung von Konfliktfällen</li>
</ol>



<p>Die Schülervertretung wird in der Regel alle 2 Jahre gewählt. Sie trifft sich in regelmäßigen Abständen mit der Schulleitung, Elternvertretern und der Schulsozialarbeiterin, um anstehende Aufgaben und Probleme bei der Gestaltung des Schullebens zu lösen.</p>

<p>Die Schülervertretung besteht aus den gewählten Klassensprechernder Klassen 5 – 10. 5a  Anika-Sophie Schwenk &amp; Mieke D. Terra5b  Fiete Rossow &amp; Leon Lange5c  Annabell Unmack &amp; Pia M. Holz6a  Hermine Mozarski &amp; Ayden Rock Mayer6b  Mads Markewitz &amp; Tim Walter6c  Amelie Conrad &amp; Celina Hermsen7a  Luna Brieg &amp; Lucy Techentin7b  Oskar Schmoock &amp; Arne Petzki8a   [&hellip;]</p>
