{"id":465,"date":"2014-03-26T23:27:02","date_gmt":"2014-03-26T22:27:02","guid":{"rendered":"http:\/\/regs-burg-stargard.de\/wordpress\/?page_id=465"},"modified":"2026-03-10T13:11:04","modified_gmt":"2026-03-10T12:11:04","slug":"schulkonferenz","status":"publish","type":"page","link":"https:\/\/regs-burg-stargard.de\/wordpress\/gremien\/schulkonferenz\/","title":{"rendered":"Schulkonferenz"},"content":{"rendered":"<p>&nbsp;<\/p>\n<p>Die Schulkonferenz ber\u00e4t und beschlie\u00dft \u00fcber alle wichtigen Fragen der Zusammenarbeit von Lehrerinnen und Lehrern, Sch\u00fclerinnen und Sch\u00fcler und Erziehungsberechtigten und \u00fcber Entscheidungen zur Schulorganisation. Mitglieder der Schulkonferenz sind die Schulleiterin\/ der Schulleiter, Vertreter des Lehrerates, Vertreter des Sch\u00fclerrates und ein Vertreter des Schultr\u00e4gers. Der Vorsitzende der Schulkonferenz wird gew\u00e4hlt.<\/p>\n<p><strong>Vorsitzender: Herr Wenzel<\/strong><\/p>\n<p><strong>Stellvertreter: Frau Welter-Holz<\/strong><\/p>\n<p><strong>Mitglieder: Herr Rehn, Frau M\u00f6ller, Herr Wenzel, Frau Stiegler, Frau Simon, Frau Leu, Herr Pahlke<\/strong><strong><br \/>\n<\/strong><\/p>\n<p><strong>Sch\u00fclervertreter<\/strong>: <strong>E. Wille, L. Teplik<\/strong><\/p>\n<p>&nbsp;<\/p>\n","protected":false},"excerpt":{"rendered":"<p>&nbsp; Die Schulkonferenz ber\u00e4t und beschlie\u00dft \u00fcber alle wichtigen Fragen der Zusammenarbeit von Lehrerinnen und Lehrern, Sch\u00fclerinnen und Sch\u00fcler und Erziehungsberechtigten und \u00fcber Entscheidungen zur Schulorganisation. Mitglieder der Schulkonferenz sind die Schulleiterin\/ der Schulleiter, Vertreter des Lehrerates, Vertreter des Sch\u00fclerrates und ein Vertreter des Schultr\u00e4gers. Der Vorsitzende der Schulkonferenz wird gew\u00e4hlt. Vorsitzender: Herr Wenzel Stellvertreter: [&hellip;]<\/p>\n","protected":false},"author":2,"featured_media":0,"parent":21,"menu_order":0,"comment_status":"closed","ping_status":"closed","template":"","meta":{"site-sidebar-layout":"default","site-content-layout":"","ast-site-content-layout":"default","site-content-style":"default","site-sidebar-style":"default","ast-global-header-display":"","ast-banner-title-visibility":"","ast-main-header-display":"","ast-hfb-above-header-display":"","ast-hfb-below-header-display":"","ast-hfb-mobile-header-display":"","site-post-title":"","ast-breadcrumbs-content":"","ast-featured-img":"","footer-sml-layout":"","theme-transparent-header-meta":"","adv-header-id-meta":"","stick-header-meta":"","header-above-stick-meta":"","header-main-stick-meta":"","header-below-stick-meta":"","astra-migrate-meta-layouts":"set","ast-page-background-enabled":"default","ast-page-background-meta":{"desktop":{"background-color":"","background-image":"","background-repeat":"repeat","background-position":"center center","background-size":"auto","background-attachment":"scroll","background-type":"","background-media":"","overlay-type":"","overlay-color":"","overlay-opacity":"","overlay-gradient":""},"tablet":{"background-color":"","background-image":"","background-repeat":"repeat","background-position":"center center","background-size":"auto","background-attachment":"scroll","background-type":"","background-media":"","overlay-type":"","overlay-color":"","overlay-opacity":"","overlay-gradient":""},"mobile":{"background-color":"","background-image":"","background-repeat":"repeat","background-position":"center center","background-size":"auto","background-attachment":"scroll","background-type":"","background-media":"","overlay-type":"","overlay-color":"","overlay-opacity":"","overlay-gradient":""}},"ast-content-background-meta":{"desktop":{"background-color":"var(--ast-global-color-5)","background-image":"","background-repeat":"repeat","background-position":"center center","background-size":"auto","background-attachment":"scroll","background-type":"","background-media":"","overlay-type":"","overlay-color":"","overlay-opacity":"","overlay-gradient":""},"tablet":{"background-color":"var(--ast-global-color-5)","background-image":"","background-repeat":"repeat","background-position":"center center","background-size":"auto","background-attachment":"scroll","background-type":"","background-media":"","overlay-type":"","overlay-color":"","overlay-opacity":"","overlay-gradient":""},"mobile":{"background-color":"var(--ast-global-color-5)","background-image":"","background-repeat":"repeat","background-position":"center center","background-size":"auto","background-attachment":"scroll","background-type":"","background-media":"","overlay-type":"","overlay-color":"","overlay-opacity":"","overlay-gradient":""}},"ngg_post_thumbnail":0,"footnotes":""},"class_list":["post-465","page","type-page","status-publish","hentry"],"_links":{"self":[{"href":"https:\/\/regs-burg-stargard.de\/wordpress\/wp-json\/wp\/v2\/pages\/465","targetHints":{"allow":["GET"]}}],"collection":[{"href":"https:\/\/regs-burg-stargard.de\/wordpress\/wp-json\/wp\/v2\/pages"}],"about":[{"href":"https:\/\/regs-burg-stargard.de\/wordpress\/wp-json\/wp\/v2\/types\/page"}],"author":[{"embeddable":true,"href":"https:\/\/regs-burg-stargard.de\/wordpress\/wp-json\/wp\/v2\/users\/2"}],"replies":[{"embeddable":true,"href":"https:\/\/regs-burg-stargard.de\/wordpress\/wp-json\/wp\/v2\/comments?post=465"}],"version-history":[{"count":20,"href":"https:\/\/regs-burg-stargard.de\/wordpress\/wp-json\/wp\/v2\/pages\/465\/revisions"}],"predecessor-version":[{"id":4921,"href":"https:\/\/regs-burg-stargard.de\/wordpress\/wp-json\/wp\/v2\/pages\/465\/revisions\/4921"}],"up":[{"embeddable":true,"href":"https:\/\/regs-burg-stargard.de\/wordpress\/wp-json\/wp\/v2\/pages\/21"}],"wp:attachment":[{"href":"https:\/\/regs-burg-stargard.de\/wordpress\/wp-json\/wp\/v2\/media?parent=465"}],"curies":[{"name":"wp","href":"https:\/\/api.w.org\/{rel}","templated":true}]}}