{"id":67,"date":"2014-02-14T12:15:29","date_gmt":"2014-02-14T11:15:29","guid":{"rendered":"http:\/\/regs-burg-stargard.de\/wordpress\/?page_id=67"},"modified":"2025-11-06T09:48:37","modified_gmt":"2025-11-06T08:48:37","slug":"schulelternrat","status":"publish","type":"page","link":"https:\/\/regs-burg-stargard.de\/wordpress\/gremien\/schulelternrat\/","title":{"rendered":"Schulelternrat"},"content":{"rendered":"<p>Der Schulelternrat besteht aus den gew\u00e4hlten Vorsitzenden der Klassenelternr\u00e4te. Die Mitglieder des Schulelternrates w\u00e4hlen einen Vorsitzenden und einen Stellvertreter sowie Vertreter f\u00fcr die Fachkonferenzen. Der Schulelternrat trifft sich mehrmals im Jahr und ber\u00e4t \u00fcber wichtige schulische Angelegenheiten, organisiert Elterninformationsveranstaltungen und engagiert sich bei Schulveranstaltungen.<\/p>\n<p>Mitglieder des Schulelternrates:<\/p>\n<p><strong>Vorsitzende: <\/strong>Frau F. Welter-Holz<br \/>\n<strong>Stellvertreter<\/strong>: Frau C. Simon<\/p>\n<p><strong>Mitglieder: <\/strong>Frau J. Kwittner, Herr R. Dreier, Herr Pahlke, Frau H. Leu, Frau M. Degner, Frau S. Mesch, Frau S. Spieker, Herr C. Sch\u00fcler, Frau M. Breitsprecher, Frau C. Harz, Frau A. M\u00fcller, Frau S. Grimmert<\/p>\n","protected":false},"excerpt":{"rendered":"<p>Der Schulelternrat besteht aus den gew\u00e4hlten Vorsitzenden der Klassenelternr\u00e4te. Die Mitglieder des Schulelternrates w\u00e4hlen einen Vorsitzenden und einen Stellvertreter sowie Vertreter f\u00fcr die Fachkonferenzen. Der Schulelternrat trifft sich mehrmals im Jahr und ber\u00e4t \u00fcber wichtige schulische Angelegenheiten, organisiert Elterninformationsveranstaltungen und engagiert sich bei Schulveranstaltungen. Mitglieder des Schulelternrates: Vorsitzende: Frau F. Welter-Holz Stellvertreter: Frau C. Simon [&hellip;]<\/p>\n","protected":false},"author":5,"featured_media":0,"parent":21,"menu_order":0,"comment_status":"closed","ping_status":"closed","template":"","meta":{"site-sidebar-layout":"default","site-content-layout":"","ast-site-content-layout":"default","site-content-style":"default","site-sidebar-style":"default","ast-global-header-display":"","ast-banner-title-visibility":"","ast-main-header-display":"","ast-hfb-above-header-display":"","ast-hfb-below-header-display":"","ast-hfb-mobile-header-display":"","site-post-title":"","ast-breadcrumbs-content":"","ast-featured-img":"","footer-sml-layout":"","theme-transparent-header-meta":"","adv-header-id-meta":"","stick-header-meta":"","header-above-stick-meta":"","header-main-stick-meta":"","header-below-stick-meta":"","astra-migrate-meta-layouts":"set","ast-page-background-enabled":"default","ast-page-background-meta":{"desktop":{"background-color":"","background-image":"","background-repeat":"repeat","background-position":"center center","background-size":"auto","background-attachment":"scroll","background-type":"","background-media":"","overlay-type":"","overlay-color":"","overlay-opacity":"","overlay-gradient":""},"tablet":{"background-color":"","background-image":"","background-repeat":"repeat","background-position":"center center","background-size":"auto","background-attachment":"scroll","background-type":"","background-media":"","overlay-type":"","overlay-color":"","overlay-opacity":"","overlay-gradient":""},"mobile":{"background-color":"","background-image":"","background-repeat":"repeat","background-position":"center center","background-size":"auto","background-attachment":"scroll","background-type":"","background-media":"","overlay-type":"","overlay-color":"","overlay-opacity":"","overlay-gradient":""}},"ast-content-background-meta":{"desktop":{"background-color":"var(--ast-global-color-5)","background-image":"","background-repeat":"repeat","background-position":"center center","background-size":"auto","background-attachment":"scroll","background-type":"","background-media":"","overlay-type":"","overlay-color":"","overlay-opacity":"","overlay-gradient":""},"tablet":{"background-color":"var(--ast-global-color-5)","background-image":"","background-repeat":"repeat","background-position":"center center","background-size":"auto","background-attachment":"scroll","background-type":"","background-media":"","overlay-type":"","overlay-color":"","overlay-opacity":"","overlay-gradient":""},"mobile":{"background-color":"var(--ast-global-color-5)","background-image":"","background-repeat":"repeat","background-position":"center center","background-size":"auto","background-attachment":"scroll","background-type":"","background-media":"","overlay-type":"","overlay-color":"","overlay-opacity":"","overlay-gradient":""}},"ngg_post_thumbnail":0,"footnotes":""},"class_list":["post-67","page","type-page","status-publish","hentry"],"_links":{"self":[{"href":"https:\/\/regs-burg-stargard.de\/wordpress\/wp-json\/wp\/v2\/pages\/67","targetHints":{"allow":["GET"]}}],"collection":[{"href":"https:\/\/regs-burg-stargard.de\/wordpress\/wp-json\/wp\/v2\/pages"}],"about":[{"href":"https:\/\/regs-burg-stargard.de\/wordpress\/wp-json\/wp\/v2\/types\/page"}],"author":[{"embeddable":true,"href":"https:\/\/regs-burg-stargard.de\/wordpress\/wp-json\/wp\/v2\/users\/5"}],"replies":[{"embeddable":true,"href":"https:\/\/regs-burg-stargard.de\/wordpress\/wp-json\/wp\/v2\/comments?post=67"}],"version-history":[{"count":16,"href":"https:\/\/regs-burg-stargard.de\/wordpress\/wp-json\/wp\/v2\/pages\/67\/revisions"}],"predecessor-version":[{"id":4857,"href":"https:\/\/regs-burg-stargard.de\/wordpress\/wp-json\/wp\/v2\/pages\/67\/revisions\/4857"}],"up":[{"embeddable":true,"href":"https:\/\/regs-burg-stargard.de\/wordpress\/wp-json\/wp\/v2\/pages\/21"}],"wp:attachment":[{"href":"https:\/\/regs-burg-stargard.de\/wordpress\/wp-json\/wp\/v2\/media?parent=67"}],"curies":[{"name":"wp","href":"https:\/\/api.w.org\/{rel}","templated":true}]}}